{"id":256,"date":"2020-05-08T17:27:30","date_gmt":"2020-05-08T14:27:30","guid":{"rendered":"http:\/\/v1.denizenerjisistemleri.com\/?page_id=256"},"modified":"2020-05-08T19:45:31","modified_gmt":"2020-05-08T16:45:31","slug":"sihhi-tesisat","status":"publish","type":"page","link":"https:\/\/www.denizenerjisistemleri.com\/?page_id=256","title":{"rendered":"S\u0131hhi Tesisat"},"content":{"rendered":"<p>[vc_row rt_row_background_width=&#8221;fullwidth&#8221; rt_row_content_width=&#8221;default&#8221; rt_row_style=&#8221;alt-style-2&#8243; rt_row_borders=&#8221;&#8221; rt_row_shadows=&#8221;&#8221; rt_row_paddings=&#8221;true&#8221; rt_bg_effect=&#8221;parallax&#8221; rt_bg_parallax_effect=&#8221;1&#8243; rt_bg_image_repeat=&#8221;repeat&#8221; rt_bg_size=&#8221;cover&#8221; rt_bg_position=&#8221;center top&#8221; rt_bg_video_format=&#8221;self-hosted&#8221; rt_bg_image=&#8221;3963&#8243; rt_padding_top=&#8221;190&#8243; rt_padding_bottom=&#8221;0&#8243;][vc_column width=&#8221;1\/2&#8243; rt_column_shadow=&#8221;&#8221; rt_bg_image_repeat=&#8221;repeat&#8221; rt_bg_size=&#8221;auto auto&#8221; rt_bg_attachment=&#8221;scroll&#8221;][vc_custom_heading text=&#8221;S\u0131hhi Tesisat&#8221;][\/vc_column][vc_column width=&#8221;1\/2&#8243; rt_column_shadow=&#8221;&#8221; rt_bg_image_repeat=&#8221;repeat&#8221; rt_bg_size=&#8221;auto auto&#8221; rt_bg_attachment=&#8221;scroll&#8221;][vc_column_text][\/vc_column_text][\/vc_column][\/vc_row][vc_row rt_row_background_width=&#8221;fullwidth&#8221; rt_row_content_width=&#8221;default&#8221; rt_row_style=&#8221;default-style&#8221; rt_row_borders=&#8221;&#8221; rt_row_shadows=&#8221;&#8221; rt_row_paddings=&#8221;true&#8221; rt_bg_effect=&#8221;classic&#8221; rt_bg_image_repeat=&#8221;repeat&#8221; rt_bg_size=&#8221;cover&#8221; rt_bg_position=&#8221;right top&#8221; rt_bg_attachment=&#8221;scroll&#8221; rt_bg_video_format=&#8221;self-hosted&#8221; rt_padding_bottom=&#8221;160&#8243;][vc_column width=&#8221;1\/2&#8243; rt_column_shadow=&#8221;&#8221; rt_bg_image_repeat=&#8221;repeat&#8221; rt_bg_size=&#8221;auto auto&#8221; rt_bg_attachment=&#8221;scroll&#8221;][vc_column_text]<\/p>\n<ul class=\"icons-list\">\n<li>Temiz su tesisat\u0131 montaj\u0131<\/li>\n<li><i class=\"icon-check-1\"><\/i>Pis su tesisat\u0131 Montaj\u0131<\/li>\n<li><i class=\"icon-check-1\"><\/i>S\u0131cak su Tesisat\u0131 montaj\u0131<\/li>\n<li><i class=\"icon-check-1\"><\/i>So\u011fuk su tesisat\u0131 Montaj\u0131<\/li>\n<li><i class=\"icon-check-1\"><\/i>Ya\u011fmur suyu Tesisat\u0131 Montaj\u0131<\/li>\n<li><i class=\"icon-check-1\"><\/i>Gider Borusu d\u00f6\u015feme<\/li>\n<li><i class=\"icon-check-1\"><\/i>Musluk ve batarya montaj\u0131<\/li>\n<li><i class=\"icon-check-1\"><\/i>Du\u015f fiskiyesi montaj\u0131<\/li>\n<li><i class=\"icon-check-1\"><\/i>Su deposu montaj\u0131<\/li>\n<li><i class=\"icon-check-1\"><\/i>At\u0131k su tamiri<\/li>\n<li><i class=\"icon-check-1\"><\/i>Bina su kollekt\u00f6r\u00fc montaj\u0131<\/li>\n<li><i class=\"icon-check-1\"><\/i>Bina su kollekt\u00f6r\u00fc tamiri<\/li>\n<\/ul>\n<p>[\/vc_column_text][\/vc_column][vc_column width=&#8221;1\/2&#8243; rt_column_shadow=&#8221;&#8221; rt_bg_image_repeat=&#8221;repeat&#8221; rt_bg_size=&#8221;auto auto&#8221; rt_bg_attachment=&#8221;scroll&#8221; rt_bg_color=&#8221;&#8221; rt_bg_overlay_color=&#8221;&#8221; rt_padding_left=&#8221;30&#8243; rt_padding_right=&#8221;30&#8243; rt_margin_top=&#8221;-200&#8243;][vc_images_carousel images=&#8221;372,373,374,375,376&#8243; img_size=&#8221;full&#8221; autoplay=&#8221;yes&#8221; css_animation=&#8221;rotateIn&#8221;][\/vc_column][\/vc_row][vc_row][vc_column][vc_column_text]<\/p>\n<p class=\"font_7\">Web sitemizde\u00a0su tesisat\u0131\u00a0hakk\u0131nda teknik ve pratik bilgiler de bulabilirsiniz. Su tesisat\u0131 ile ilgili yanl\u0131\u015f bilgiler uzun vadede b\u00fcy\u00fck maliyetlere ve bina hasarlar\u0131na neden olabilmektedir. Bu y\u00fczden tesisatla ilgili do\u011fru bilgiler edinmek hayati \u00f6neme sahiptir.<\/p>\n<p class=\"font_7\">Su tesisat\u0131\u00a0hakk\u0131nda yay\u0131nlad\u0131\u011f\u0131m\u0131z i\u00e7eriklerde ihtiyac\u0131n\u0131z olan bilgilere eri\u015femezseniz bizlere sitemiz arac\u0131l\u0131\u011f\u0131 ile\u00a0ula\u015fabilir ve sorular\u0131n\u0131za do\u011fru cevaplar\u0131 bulabilirsiniz.<\/p>\n<p>[\/vc_column_text][\/vc_column][\/vc_row]<\/p>\n","protected":false},"excerpt":{"rendered":"<p>[vc_row rt_row_background_width=&#8221;fullwidth&#8221; rt_row_content_width=&#8221;default&#8221; rt_row_style=&#8221;alt-style-2&#8243; rt_row_borders=&#8221;&#8221; rt_row_shadows=&#8221;&#8221; rt_row_paddings=&#8221;true&#8221; rt_bg_effect=&#8221;parallax&#8221; rt_bg_parallax_effect=&#8221;1&#8243; rt_bg_image_repeat=&#8221;repeat&#8221; rt_bg_size=&#8221;cover&#8221; rt_bg_position=&#8221;center top&#8221; rt_bg_video_format=&#8221;self-hosted&#8221; rt_bg_image=&#8221;3963&#8243; rt_padding_top=&#8221;190&#8243; rt_padding_bottom=&#8221;0&#8243;][vc_column width=&#8221;1\/2&#8243; rt_column_shadow=&#8221;&#8221; rt_bg_image_repeat=&#8221;repeat&#8221; rt_bg_size=&#8221;auto auto&#8221; rt_bg_attachment=&#8221;scroll&#8221;][vc_custom_heading text=&#8221;S\u0131hhi Tesisat&#8221;][\/vc_column][vc_column width=&#8221;1\/2&#8243;<span class=\"excerpt-hellip\"> [\u2026]<\/span><\/p>\n","protected":false},"author":1,"featured_media":0,"parent":242,"menu_order":0,"comment_status":"closed","ping_status":"closed","template":"","meta":[],"_links":{"self":[{"href":"https:\/\/www.denizenerjisistemleri.com\/index.php?rest_route=\/wp\/v2\/pages\/256"}],"collection":[{"href":"https:\/\/www.denizenerjisistemleri.com\/index.php?rest_route=\/wp\/v2\/pages"}],"about":[{"href":"https:\/\/www.denizenerjisistemleri.com\/index.php?rest_route=\/wp\/v2\/types\/page"}],"author":[{"embeddable":true,"href":"https:\/\/www.denizenerjisistemleri.com\/index.php?rest_route=\/wp\/v2\/users\/1"}],"replies":[{"embeddable":true,"href":"https:\/\/www.denizenerjisistemleri.com\/index.php?rest_route=%2Fwp%2Fv2%2Fcomments&post=256"}],"version-history":[{"count":4,"href":"https:\/\/www.denizenerjisistemleri.com\/index.php?rest_route=\/wp\/v2\/pages\/256\/revisions"}],"predecessor-version":[{"id":378,"href":"https:\/\/www.denizenerjisistemleri.com\/index.php?rest_route=\/wp\/v2\/pages\/256\/revisions\/378"}],"up":[{"embeddable":true,"href":"https:\/\/www.denizenerjisistemleri.com\/index.php?rest_route=\/wp\/v2\/pages\/242"}],"wp:attachment":[{"href":"https:\/\/www.denizenerjisistemleri.com\/index.php?rest_route=%2Fwp%2Fv2%2Fmedia&parent=256"}],"curies":[{"name":"wp","href":"https:\/\/api.w.org\/{rel}","templated":true}]}}